{"id":36,"date":"2014-05-05T20:57:40","date_gmt":"2014-05-05T18:57:40","guid":{"rendered":"http:\/\/www.sarahs-crazy-things.de\/?page_id=36"},"modified":"2018-05-27T11:02:29","modified_gmt":"2018-05-27T09:02:29","slug":"hallo-crazy-things-freunde","status":"publish","type":"page","link":"http:\/\/www.sarahs-crazy-things.de\/?page_id=36","title":{"rendered":"About me"},"content":{"rendered":"<p style=\"text-align: center;\">Hallo \u2018<span style=\"color: #7100e2;\">Sarahs Crazy Things<\/span>\u2019 Freunde,<\/p>\n<p style=\"text-align: left;\">Kreativ sein macht g<a href=\"http:\/\/www.sarahs-crazy-things.de\/wp-content\/uploads\/2014\/05\/hw.jpg\"><img loading=\"lazy\" decoding=\"async\" class=\"size-medium wp-image-9 alignleft\" src=\"http:\/\/www.sarahs-crazy-things.de\/wp-content\/uploads\/2014\/05\/hw-200x300.jpg\" alt=\"hw\" width=\"200\" height=\"300\" srcset=\"http:\/\/www.sarahs-crazy-things.de\/wp-content\/uploads\/2014\/05\/hw-200x300.jpg 200w, http:\/\/www.sarahs-crazy-things.de\/wp-content\/uploads\/2014\/05\/hw.jpg 320w\" sizes=\"(max-width: 200px) 100vw, 200px\" \/><\/a>l\u00fccklich. Verr\u00fcckt sein macht gl\u00fccklich.<br \/>\nMich jedenfalls und das in Form von backen, kochen und basteln!<\/p>\n<div>\n<p style=\"text-align: left;\">Seit meiner Kindheit male und bastel ich gerne, irgendwann sp\u00e4ter wurde das Backen und Kochen ebenfalls zu meiner Leidenschaft. Wirklich gelernt habe ich Kochen und Backen nicht, gr\u00f6\u00dftenteils hab ich es von meiner Mutter gelernt oder mir nach und nach dank Kochb\u00fccher, -sendungen und einiger Experimente selbst beigebracht. Ich sammel alle m\u00f6glichen Rezepte und Anleitungen, um sie mal auszuprobieren.<\/p>\n<p style=\"text-align: left;\">Mein neuster Plan ist, ich erstelle mir mein eigenen Blog mit Rezepte, Anleitungen und Ideen die Ihr einfach nach machen k\u00f6nnt. Und um all die guten Rezepte die ich ausprobiert und selbst erstellt habe mit euch zu teilen.<br \/>\nVielleicht kann ich ja den ein oder anderen mit meiner kreativit\u00e4t anstecken. Ihr seht was daraus wird.<br \/>\nIch schreibe gerne \u00fcber, <span style=\"text-decoration: underline;\">f\u00fcr mich<\/span>, interessante und sinnvolle Produkte wie Lebensmittel, Zutaten oder Backzubeh\u00f6r, gleiches gilt f\u00fcr Bastelzubeh\u00f6r, die ich selber getestet habe. Dabei gebe ich ausschlie\u00dflich\u00a0<span style=\"text-decoration: underline;\">meine eigene Meinung<\/span> wieder und schreibe \u00fcber <span style=\"text-decoration: underline;\">meine individuellen Erfahrungen und Erlebnisse<\/span> beim Backen, Kochen und Basteln.<\/p>\n<p>Meine Bastelarbeiten bestehen aus:<\/p>\n<p>z.B.: *<a href=\"http:\/\/www.sarahs-crazy-things.de\/?cat=4\">klick hier<\/a>*<\/p>\n<ul>\n<li>Schneiderarbeiten &#8211; z.B. : *<a style=\"font-size: 1rem;\" href=\"http:\/\/www.sarahs-crazy-things.de\/?page_id=2967\">klick hier<\/a><span style=\"font-size: 1rem;\">*<\/span><\/li>\n<\/ul>\n<ul>\n<li>Aquarelle<\/li>\n<li>\u00d6lfarbe\/-kreide<\/li>\n<li>Buntstiftzeichnungen<\/li>\n<li>Acryl<\/li>\n<li>Serviettentechnik<\/li>\n<li>Seiden-\/Stoffmalerei &#8211; z.B. : *<a style=\"font-size: 1rem;\" href=\"http:\/\/www.sarahs-crazy-things.de\/?page_id=2960\">klick hier<\/a><span style=\"font-size: 1rem;\">*<\/span><\/li>\n<\/ul>\n<ul>\n<li>WindowColor<\/li>\n<li>Pailiettentechnik<\/li>\n<li>Schmuckbasteln<\/li>\n<li>Grafikdesign<\/li>\n<\/ul>\n<p style=\"text-align: center;\">Gerne k\u00f6nnt ihr hier Kommentare posten, Lob und Kritik loswerden, Fragen stellen und von euren Erfahrungen berichten, auch per eMail bin ich zu erreichen.<br \/>\nIch freue mich sehr, dass ihr hier seid!<\/p>\n<p style=\"text-align: center;\"><span style=\"color: #993366;\"><span style=\"color: #993366;\"><img loading=\"lazy\" decoding=\"async\" class=\"aligncenter wp-image-1019 size-full\" src=\"http:\/\/www.sarahs-crazy-things.de\/wp-content\/uploads\/2014\/05\/email.png\" alt=\"email\" width=\"48\" height=\"48\" \/><\/span>sarah@sarahs-crazy-things.de<\/span><\/p>\n<p style=\"text-align: center;\">Ich w\u00fcnsche euch viel Spa\u00df auf meinem Blog!<\/p>\n<p style=\"text-align: center;\">Eure Sarah<\/p>\n<p style=\"text-align: center;\">\n<\/div>\n","protected":false},"excerpt":{"rendered":"<p>Hallo \u2018Sarahs Crazy Things\u2019 Freunde, Kreativ sein macht gl\u00fccklich. Verr\u00fcckt sein macht gl\u00fccklich. Mich jedenfalls und das in Form von<\/p>\n","protected":false},"author":1,"featured_media":0,"parent":0,"menu_order":0,"comment_status":"closed","ping_status":"closed","template":"","meta":{"_exactmetrics_skip_tracking":false,"_exactmetrics_sitenote_active":false,"_exactmetrics_sitenote_note":"","_exactmetrics_sitenote_category":0,"footnotes":""},"class_list":["post-36","page","type-page","status-publish","hentry"],"_links":{"self":[{"href":"http:\/\/www.sarahs-crazy-things.de\/index.php?rest_route=\/wp\/v2\/pages\/36"}],"collection":[{"href":"http:\/\/www.sarahs-crazy-things.de\/index.php?rest_route=\/wp\/v2\/pages"}],"about":[{"href":"http:\/\/www.sarahs-crazy-things.de\/index.php?rest_route=\/wp\/v2\/types\/page"}],"author":[{"embeddable":true,"href":"http:\/\/www.sarahs-crazy-things.de\/index.php?rest_route=\/wp\/v2\/users\/1"}],"replies":[{"embeddable":true,"href":"http:\/\/www.sarahs-crazy-things.de\/index.php?rest_route=%2Fwp%2Fv2%2Fcomments&post=36"}],"version-history":[{"count":21,"href":"http:\/\/www.sarahs-crazy-things.de\/index.php?rest_route=\/wp\/v2\/pages\/36\/revisions"}],"predecessor-version":[{"id":3628,"href":"http:\/\/www.sarahs-crazy-things.de\/index.php?rest_route=\/wp\/v2\/pages\/36\/revisions\/3628"}],"wp:attachment":[{"href":"http:\/\/www.sarahs-crazy-things.de\/index.php?rest_route=%2Fwp%2Fv2%2Fmedia&parent=36"}],"curies":[{"name":"wp","href":"https:\/\/api.w.org\/{rel}","templated":true}]}}