{"id":2967,"date":"2017-10-11T17:13:58","date_gmt":"2017-10-11T15:13:58","guid":{"rendered":"http:\/\/www.sarahs-crazy-things.de\/?page_id=2967"},"modified":"2018-05-27T11:02:40","modified_gmt":"2018-05-27T09:02:40","slug":"meine-alten-naeharbeiten","status":"publish","type":"page","link":"http:\/\/www.sarahs-crazy-things.de\/?page_id=2967","title":{"rendered":"Meine &#8222;alten&#8220; N\u00e4harbeiten"},"content":{"rendered":"<p style=\"text-align: center;\">Meine erste eigene N\u00e4hmaschine, eine Haushaltsn\u00e4hmaschine von &#8218;Singer&#8216;, habe ich 2001 zum 17. Geburtstag bekommen, kurz darauf im August habe ich meine Ausbildung als N\u00e4herin\/ModeSchneiderin angefangen.<br \/>\nF\u00fcr den Anfang hat sie durch aus gereicht aber je mehr ich in die Materie N\u00e4hmaschine kam, wollte ich eine Industrien\u00e4hmaschine wie ich sie auch in der Ausbildung hatte.<\/p>\n<p style=\"text-align: center;\">Nat\u00fcrlich ohne mir Gedanken zu machen wie teuer so eine Maschine ist und die sind Schweine teuer!<br \/>\nHabe ich mir bei &#8218;ebay&#8216; welche raus gesucht und ein klasse Teil ergattern k\u00f6nnen, eine &#8218;Pfaff&#8216;.<\/p>\n<p style=\"text-align: center;\">Leider l\u00f6ste sich immer wieder eine Schraube am Drehrad und irgendwann war sie verschwunden so das ich mit ihr nicht mehr n\u00e4hen konnte. Daraufhin habe ich sie wieder verkauft, ohne mir zu \u00fcberlegen ob ich eine Ersatz Schraube besorge oder ob ich die eigentliche Schraube wieder finde&#8230;fataler Fehler.<br \/>\nAls ich aus dem Elternhaus auszog..fand ich die Schraube.<\/p>\n<p style=\"text-align: center;\">Seit dem habe ich mich mit den Handels\u00fcblichen N\u00e4hmaschinen f\u00fcr Zuhause \u00fcber Wasser gehalten.<br \/>\nIrgendwann werde ich mir wieder eine Industriemaschine holen, 100%ig!<\/p>\n<p style=\"text-align: center;\">Leider habe ich nicht viele (gute) Bilder von meinen gen\u00e4hten Sachen aber hier sind sie:<\/p>\n<p><img loading=\"lazy\" decoding=\"async\" class=\"alignnone size-medium wp-image-3237\" src=\"http:\/\/www.sarahs-crazy-things.de\/wp-content\/uploads\/2017\/10\/100_0982-Kopie-300x225.jpg\" alt=\"\" width=\"300\" height=\"225\" srcset=\"http:\/\/www.sarahs-crazy-things.de\/wp-content\/uploads\/2017\/10\/100_0982-Kopie-300x225.jpg 300w, http:\/\/www.sarahs-crazy-things.de\/wp-content\/uploads\/2017\/10\/100_0982-Kopie-768x576.jpg 768w, http:\/\/www.sarahs-crazy-things.de\/wp-content\/uploads\/2017\/10\/100_0982-Kopie-1024x768.jpg 1024w\" sizes=\"(max-width: 300px) 100vw, 300px\" \/>Ich denk man sieht hier offensichtlich womit ich angefangen habe. Meine ersten N\u00e4hversuche aus Stoffresten.<\/p>\n<p><img loading=\"lazy\" decoding=\"async\" class=\"alignnone size-medium wp-image-3233\" src=\"http:\/\/www.sarahs-crazy-things.de\/wp-content\/uploads\/2017\/10\/100_0857-Kopie-300x225.jpg\" alt=\"\" width=\"300\" height=\"225\" srcset=\"http:\/\/www.sarahs-crazy-things.de\/wp-content\/uploads\/2017\/10\/100_0857-Kopie-300x225.jpg 300w, http:\/\/www.sarahs-crazy-things.de\/wp-content\/uploads\/2017\/10\/100_0857-Kopie-768x576.jpg 768w, http:\/\/www.sarahs-crazy-things.de\/wp-content\/uploads\/2017\/10\/100_0857-Kopie-1024x768.jpg 1024w\" sizes=\"(max-width: 300px) 100vw, 300px\" \/> <img loading=\"lazy\" decoding=\"async\" class=\"alignnone size-medium wp-image-3232\" src=\"http:\/\/www.sarahs-crazy-things.de\/wp-content\/uploads\/2017\/10\/100_0856-Kopie-225x300.jpg\" alt=\"\" width=\"225\" height=\"300\" srcset=\"http:\/\/www.sarahs-crazy-things.de\/wp-content\/uploads\/2017\/10\/100_0856-Kopie-225x300.jpg 225w, http:\/\/www.sarahs-crazy-things.de\/wp-content\/uploads\/2017\/10\/100_0856-Kopie-768x1024.jpg 768w\" sizes=\"(max-width: 225px) 100vw, 225px\" \/> <img loading=\"lazy\" decoding=\"async\" class=\"alignnone size-thumbnail wp-image-3231\" src=\"http:\/\/www.sarahs-crazy-things.de\/wp-content\/uploads\/2017\/10\/100_0854-Kopie-150x150.jpg\" alt=\"\" width=\"150\" height=\"150\" \/><br \/>\nAls kleines Geschenk und ein weiteres Werk meiner ersten Schritte als N\u00e4herin.<\/p>\n<p><img loading=\"lazy\" decoding=\"async\" class=\"alignnone size-medium wp-image-3228\" src=\"http:\/\/www.sarahs-crazy-things.de\/wp-content\/uploads\/2017\/10\/bild-967a-Kopie-198x300.jpg\" alt=\"\" width=\"198\" height=\"300\" srcset=\"http:\/\/www.sarahs-crazy-things.de\/wp-content\/uploads\/2017\/10\/bild-967a-Kopie-198x300.jpg 198w, http:\/\/www.sarahs-crazy-things.de\/wp-content\/uploads\/2017\/10\/bild-967a-Kopie-768x1163.jpg 768w, http:\/\/www.sarahs-crazy-things.de\/wp-content\/uploads\/2017\/10\/bild-967a-Kopie-676x1024.jpg 676w, http:\/\/www.sarahs-crazy-things.de\/wp-content\/uploads\/2017\/10\/bild-967a-Kopie.jpg 1897w\" sizes=\"(max-width: 198px) 100vw, 198px\" \/>\u00a0<img loading=\"lazy\" decoding=\"async\" class=\"alignnone size-medium wp-image-3226\" src=\"http:\/\/www.sarahs-crazy-things.de\/wp-content\/uploads\/2017\/10\/bild-964a-Kopie-148x300.jpg\" alt=\"\" width=\"148\" height=\"300\" srcset=\"http:\/\/www.sarahs-crazy-things.de\/wp-content\/uploads\/2017\/10\/bild-964a-Kopie-148x300.jpg 148w, http:\/\/www.sarahs-crazy-things.de\/wp-content\/uploads\/2017\/10\/bild-964a-Kopie-768x1553.jpg 768w, http:\/\/www.sarahs-crazy-things.de\/wp-content\/uploads\/2017\/10\/bild-964a-Kopie-506x1024.jpg 506w, http:\/\/www.sarahs-crazy-things.de\/wp-content\/uploads\/2017\/10\/bild-964a-Kopie.jpg 1417w\" sizes=\"(max-width: 148px) 100vw, 148px\" \/>\u00a0Von Jahr zu Jahr bemerkt man, denk ich, auch hier so langsam das ich immer besser wurde.<\/p>\n<p><img loading=\"lazy\" decoding=\"async\" class=\"alignnone size-medium wp-image-3227\" src=\"http:\/\/www.sarahs-crazy-things.de\/wp-content\/uploads\/2017\/10\/bild-966-Kopie-225x300.jpg\" alt=\"\" width=\"225\" height=\"300\" srcset=\"http:\/\/www.sarahs-crazy-things.de\/wp-content\/uploads\/2017\/10\/bild-966-Kopie-225x300.jpg 225w, http:\/\/www.sarahs-crazy-things.de\/wp-content\/uploads\/2017\/10\/bild-966-Kopie-768x1024.jpg 768w\" sizes=\"(max-width: 225px) 100vw, 225px\" \/>\u00a0 Kleine TaT\u00fcTa -&gt; TaschenT\u00fccherTaschen<\/p>\n<p><img loading=\"lazy\" decoding=\"async\" class=\"alignnone size-medium wp-image-3240\" src=\"http:\/\/www.sarahs-crazy-things.de\/wp-content\/uploads\/2017\/10\/bild-962a-Kopie-1-286x300.jpg\" alt=\"\" width=\"286\" height=\"300\" srcset=\"http:\/\/www.sarahs-crazy-things.de\/wp-content\/uploads\/2017\/10\/bild-962a-Kopie-1-286x300.jpg 286w, http:\/\/www.sarahs-crazy-things.de\/wp-content\/uploads\/2017\/10\/bild-962a-Kopie-1-768x805.jpg 768w, http:\/\/www.sarahs-crazy-things.de\/wp-content\/uploads\/2017\/10\/bild-962a-Kopie-1-977x1024.jpg 977w, http:\/\/www.sarahs-crazy-things.de\/wp-content\/uploads\/2017\/10\/bild-962a-Kopie-1.jpg 1909w\" sizes=\"(max-width: 286px) 100vw, 286px\" \/> <img loading=\"lazy\" decoding=\"async\" class=\"alignnone size-medium wp-image-3234\" src=\"http:\/\/www.sarahs-crazy-things.de\/wp-content\/uploads\/2017\/10\/100_0971-Kopie-225x300.jpg\" alt=\"\" width=\"225\" height=\"300\" srcset=\"http:\/\/www.sarahs-crazy-things.de\/wp-content\/uploads\/2017\/10\/100_0971-Kopie-225x300.jpg 225w, http:\/\/www.sarahs-crazy-things.de\/wp-content\/uploads\/2017\/10\/100_0971-Kopie-768x1024.jpg 768w\" sizes=\"(max-width: 225px) 100vw, 225px\" \/>\u00a0M\u00e4dchenshirts<\/p>\n<p><img loading=\"lazy\" decoding=\"async\" class=\"alignnone size-medium wp-image-3236\" src=\"http:\/\/www.sarahs-crazy-things.de\/wp-content\/uploads\/2017\/10\/100_0974-Kopie-174x300.jpg\" alt=\"\" width=\"174\" height=\"300\" srcset=\"http:\/\/www.sarahs-crazy-things.de\/wp-content\/uploads\/2017\/10\/100_0974-Kopie-174x300.jpg 174w, http:\/\/www.sarahs-crazy-things.de\/wp-content\/uploads\/2017\/10\/100_0974-Kopie-768x1323.jpg 768w, http:\/\/www.sarahs-crazy-things.de\/wp-content\/uploads\/2017\/10\/100_0974-Kopie-594x1024.jpg 594w\" sizes=\"(max-width: 174px) 100vw, 174px\" \/>\u00a0M\u00e4dchen Langarmshirt\u00a0<img loading=\"lazy\" decoding=\"async\" class=\"alignnone size-medium wp-image-3235\" src=\"http:\/\/www.sarahs-crazy-things.de\/wp-content\/uploads\/2017\/10\/100_0973-Kopie-197x300.jpg\" alt=\"\" width=\"197\" height=\"300\" srcset=\"http:\/\/www.sarahs-crazy-things.de\/wp-content\/uploads\/2017\/10\/100_0973-Kopie-197x300.jpg 197w, http:\/\/www.sarahs-crazy-things.de\/wp-content\/uploads\/2017\/10\/100_0973-Kopie-768x1171.jpg 768w, http:\/\/www.sarahs-crazy-things.de\/wp-content\/uploads\/2017\/10\/100_0973-Kopie-672x1024.jpg 672w\" sizes=\"(max-width: 197px) 100vw, 197px\" \/>\u00a0M\u00e4dchen Langarmshirt<\/p>\n<p>Die Applikationen habe ich zus\u00e4tzlich drauf geb\u00fcgelt.<\/p>\n<p><img loading=\"lazy\" decoding=\"async\" class=\"alignnone size-medium wp-image-3230\" src=\"http:\/\/www.sarahs-crazy-things.de\/wp-content\/uploads\/2017\/10\/IMAGE001-Kopie-225x300.jpg\" alt=\"\" width=\"225\" height=\"300\" srcset=\"http:\/\/www.sarahs-crazy-things.de\/wp-content\/uploads\/2017\/10\/IMAGE001-Kopie-225x300.jpg 225w, http:\/\/www.sarahs-crazy-things.de\/wp-content\/uploads\/2017\/10\/IMAGE001-Kopie-768x1024.jpg 768w, http:\/\/www.sarahs-crazy-things.de\/wp-content\/uploads\/2017\/10\/IMAGE001-Kopie.jpg 864w\" sizes=\"(max-width: 225px) 100vw, 225px\" \/>\u00a0Bluse\u00a0<img loading=\"lazy\" decoding=\"async\" class=\"alignnone size-medium wp-image-3239\" src=\"http:\/\/www.sarahs-crazy-things.de\/wp-content\/uploads\/2017\/10\/100_0984-Kopie-225x300.jpg\" alt=\"\" width=\"225\" height=\"300\" srcset=\"http:\/\/www.sarahs-crazy-things.de\/wp-content\/uploads\/2017\/10\/100_0984-Kopie-225x300.jpg 225w, http:\/\/www.sarahs-crazy-things.de\/wp-content\/uploads\/2017\/10\/100_0984-Kopie-768x1024.jpg 768w\" sizes=\"(max-width: 225px) 100vw, 225px\" \/>\u00a0Jeansjacke\u00a0<img loading=\"lazy\" decoding=\"async\" class=\"alignnone size-medium wp-image-3229\" src=\"http:\/\/www.sarahs-crazy-things.de\/wp-content\/uploads\/2017\/10\/bild-971a-Kopie-196x300.jpg\" alt=\"\" width=\"196\" height=\"300\" srcset=\"http:\/\/www.sarahs-crazy-things.de\/wp-content\/uploads\/2017\/10\/bild-971a-Kopie-196x300.jpg 196w, http:\/\/www.sarahs-crazy-things.de\/wp-content\/uploads\/2017\/10\/bild-971a-Kopie-768x1174.jpg 768w, http:\/\/www.sarahs-crazy-things.de\/wp-content\/uploads\/2017\/10\/bild-971a-Kopie-670x1024.jpg 670w, http:\/\/www.sarahs-crazy-things.de\/wp-content\/uploads\/2017\/10\/bild-971a-Kopie.jpg 1621w\" sizes=\"(max-width: 196px) 100vw, 196px\" \/>\u00a0Rock (Geschenk f\u00fcr eine Freundin)<\/p>\n<p>Und hier meine Pr\u00fcfungsarbeite:<\/p>\n<p>2. Ausbildungsjahr &#8211; Ausbildung zur N\u00e4herin (Blaser ohne Innenfutter)<\/p>\n<p><img loading=\"lazy\" decoding=\"async\" class=\"alignnone size-medium wp-image-3238\" src=\"http:\/\/www.sarahs-crazy-things.de\/wp-content\/uploads\/2017\/10\/100_0983-Kopie-225x300.jpg\" alt=\"\" width=\"225\" height=\"300\" srcset=\"http:\/\/www.sarahs-crazy-things.de\/wp-content\/uploads\/2017\/10\/100_0983-Kopie-225x300.jpg 225w, http:\/\/www.sarahs-crazy-things.de\/wp-content\/uploads\/2017\/10\/100_0983-Kopie-768x1024.jpg 768w\" sizes=\"(max-width: 225px) 100vw, 225px\" \/><\/p>\n<p>3. Ausbildungsjahr &#8211; Ausbildung zur ModeSchneiderin (Blaser mit Innenfutter &#8211; siehe Bild)<\/p>\n<p>Wie man schwer erkennen kann mussten wir Blaser n\u00e4hen, alle das gleiche.<\/p>\n","protected":false},"excerpt":{"rendered":"<p>Meine erste eigene N\u00e4hmaschine, eine Haushaltsn\u00e4hmaschine von &#8218;Singer&#8216;, habe ich 2001 zum 17. Geburtstag bekommen, kurz darauf im August habe<\/p>\n","protected":false},"author":1,"featured_media":0,"parent":36,"menu_order":0,"comment_status":"closed","ping_status":"closed","template":"","meta":{"_exactmetrics_skip_tracking":false,"_exactmetrics_sitenote_active":false,"_exactmetrics_sitenote_note":"","_exactmetrics_sitenote_category":0,"footnotes":""},"class_list":["post-2967","page","type-page","status-publish","hentry"],"_links":{"self":[{"href":"http:\/\/www.sarahs-crazy-things.de\/index.php?rest_route=\/wp\/v2\/pages\/2967"}],"collection":[{"href":"http:\/\/www.sarahs-crazy-things.de\/index.php?rest_route=\/wp\/v2\/pages"}],"about":[{"href":"http:\/\/www.sarahs-crazy-things.de\/index.php?rest_route=\/wp\/v2\/types\/page"}],"author":[{"embeddable":true,"href":"http:\/\/www.sarahs-crazy-things.de\/index.php?rest_route=\/wp\/v2\/users\/1"}],"replies":[{"embeddable":true,"href":"http:\/\/www.sarahs-crazy-things.de\/index.php?rest_route=%2Fwp%2Fv2%2Fcomments&post=2967"}],"version-history":[{"count":3,"href":"http:\/\/www.sarahs-crazy-things.de\/index.php?rest_route=\/wp\/v2\/pages\/2967\/revisions"}],"predecessor-version":[{"id":3241,"href":"http:\/\/www.sarahs-crazy-things.de\/index.php?rest_route=\/wp\/v2\/pages\/2967\/revisions\/3241"}],"up":[{"embeddable":true,"href":"http:\/\/www.sarahs-crazy-things.de\/index.php?rest_route=\/wp\/v2\/pages\/36"}],"wp:attachment":[{"href":"http:\/\/www.sarahs-crazy-things.de\/index.php?rest_route=%2Fwp%2Fv2%2Fmedia&parent=2967"}],"curies":[{"name":"wp","href":"https:\/\/api.w.org\/{rel}","templated":true}]}}